lculate the remainder when 126519 is divided by 41901.
816
Calculate the remainder when 98126 is divided by 18922.
3516
What is the remainder when 112457 is divided by 18635?
647
Calculate the remainder when 607106 is divided by 121206.
1076
Calculate the remainder when 8192 is divided by 2597.
401
Calculate the remainder when 9543679 is divided by 3283.
3281
What is the remainder when 2798018 is divided by 57?
2
Calculate the remainder when 2076644 is divided by 1023.
977
What is the remainder when 467329 is divided by 10132?
1257
What is the remainder when 3063599 is divided by 789?
701
Calculate the remainder when 494447 is divided by 11320.
7687
What is the remainder when 816367 is divided by 816365?
2
What is the remainder when 19323827 is divided by 87?
83
Calculate the remainder when 5562992 is divided by 695370.
32
What is the remainder when 24107 is divided by 1294?
815
Calculate the remainder when 294959081 is divided by 1148.
1145
Calculate the remainder when 940875 is divided by 1671.
102
What is the remainder when 2727434 is divided by 71774?
22
Calculate the remainder when 463827 is divided by 51535.
12
What is the remainder when 60253 is divided by 384?
349
Calculate the remainder when 2914016 is divided by 14643.
59
Calculate the remainder when 3315001 is divided by 174473.
14
What is the remainder when 129957 is divided by 188?
49
Calculate the remainder when 79886 is divided by 74546.
5340
What is the remainder when 34862 is divided by 8699?
66
Calculate the remainder when 4931739 is divided by 1700.
39
Calculate the remainder when 12313932 is divided by 1014.
930
What is the remainder when 504554686 is divided by 1634?
1630
Calculate the remainder when 32277994 is divided by 16138984.
26
What is the remainder when 2330743 is divided by 28?
23
Calculate the remainder when 2858665 is divided by 7684.
217
What is the remainder when 36946 is divided by 2438?
376
Calculate the remainder when 195058651 is divided by 781.
777
Calculate the remainder when 685876 is divided by 137152.
116
Calculate the remainder when 50804 is divided by 3176.
3164
Calculate the remainder when 56878 is divided by 8.
6
What is the remainder when 9742340 is divided by 1644?
1640
What is the remainder when 13762731 is divided by 337?
325
What is the remainder when 4609475 is divided by 2304723?
29
What is the remainder when 19345065 is divided by 1311?
1260
Calculate the remainder when 1129380 is divided by 12431.
10590
What is the remainder when 33485072 is divided by 8371242?
104
What is the remainder when 74563 is divided by 5727?
112
Calculate the remainder when 184455285 is divided by 61485087.
24
Calculate the remainder when 426119823 is divided by 25.
23
What is the remainder when 54833 is divided by 3388?
625
Calculate the remainder when 911002 is divided by 929.
582
What is the remainder when 657239 is divided by 219070?
29
Calculate the remainder when 8414 is divided by 1871.
930
Calculate the remainder when 758795 is divided by 4237.
372
Calculate the remainder when 896048944 is divided by 7566.
7564
What is the remainder when 309938 is divided by 103292?
62
Calculate the remainder when 165090 is divided by 4714.
100
Calculate the remainder when 489909 is divided by 3081.
30
What is the remainder when 276643 is divided by 6010?
183
Calculate the remainder when 11494785 is divided by 348.
345
Calculate the remainder when 218514 is divided by 7806.
7752
Calculate the remainder when 40140545 is divided by 6.
5
What is the remainder when 4272208 is divided by 1058?
4
Calculate the remainder when 14260876 is divided by 91.
84
What is the remainder when 4714 is divided by 438?
334
What is the remainder when 4680607 is divided by 19?
14
Calculate the remainder when 17038 is divided by 4907.
2317
Calculate the remainder when 6973563 is divided by 113.
107
What is the remainder when 39667736 is divided by 20671?
87
Calculate the remainder when 33801419 is divided by 16900703.
13
Calculate the remainder when 54216886 is divided by 13.
9
Calculate the remainder when 1768545 is divided by 3472.
1297
Calculate the remainder when 2069828 is divided by 88.
68
What is the remainder when 14779922 is divided by 1779?
1769
Calculate the remainder when 2184496 is divided by 1476.
16
Calculate the remainder when 4740713 is divided by 20.
13
Calculate the remainder when 64835963 is divided by 388.
387
Calculate the remainder when 36633676 is divided by 129.
127
What is the remainder when 297664 is divided by 74266?
600
Calculate the remainder when 1334183659 is divided by 66.
61
Calculate the remainder when 532742 is divided by 370.
312
What is the remainder when 445798114 is divided by 2406?
2404
What is the remainder when 2422659 is divided by 4413?
4335
What is the remainder when 717685 is divided by 267?
256
Calculate the remainder when 860873 is divided by 18315.
68
Calculate the remainder when 216962 is divided by 108065.
832
Calculate the remainder when 88033 is divided by 43407.
1219
Calculate the remainder when 4360607 is divided by 544962.
911
What is the remainder when 2786741 is divided by 93?
89
Calculate the remainder when 70436 is divided by 231.
212
Calculate the remainder when 350445 is divided by 174640.
1165
Calculate the remainder when 2308922 is divided by 2308762.
160
What is the remainder when 42110 is divided by 2243?
1736
Calculate the remainder when 3836183 is divided by 2904.
2903
What is the remainder when 380722 is divided by 439?
109
Calculate the remainder when 1891602 is divided by 140.
62
What is the remainder when 1329249 is divided by 200?
49
Calculate the remainder when 527181 is divided by 938.
25
What is the remainder when 29746207 is divided by 2027?
2009
What is the remainder when 1930194 is divided by 275737?
35
What is the remainder when 1746079 is divided by 42586?
53
Calculate the remainder when 32896893 is divided by 17.
6
Calculate the remainder when 5824275 is divided by 237.
0
What is the remainder when 26013313 is divided by 117?
1
What is the remainder when 90435 is divided by 2917?
8
What is the remainder when 1391998 is divided by 5792?
1918
Calculate the remainder when 947700 is divided by 4885.
10
Calculate the remainder when 146157 is divided by 3124.
2453
Calculate the remainder when 55298116 is divided by 77232.
4
Calculate the remainder when 203892 is divided by 292.
76
What is the remainder when 11093 is divided by 4770?
1553
Calculate the remainder when 247203 is divided by 477.
117
What is the remainder when 65024 is divided by 20581?
3281
What is the remainder when 169155 is divided by 886?
815
What is the remainder when 2117316 is divided by 2117313?
3
Calculate the remainder when 30175107 is divided by 4384.
35
Calculate the remainder when 137439 is divided by 22903.
21
What is the remainder when 622743 is divided by 764?
83
What is the remainder when 27579969 is divided by 133?
25
What is the remainder when 3343506 is divided by 115?
111
Calculate the remainder when 3374952 is divided by 3374763.
189
What is the remainder when 975722833 is divided by 1605?
1603
Calculate the remainder when 7250472 is divided by 475.
72
What is the remainder when 1260605 is divided by 14826?
395
Calculate the remainder when 31814995 is divided by 10604984.
43
Calculate the remainder when 30163 is divided by 25874.
4289
What is the remainder when 668913 is divided by 1733?
1708
Calculate the remainder when 1642447 is divided by 711.
37
Calculate the remainder when 1129588 is divided by 6108.
5716
Calculate the remainder when 111885 is divided by 249.
84
Calculate the remainder when 9591569 is divided by 6817.
50
What is the remainder when 273354985 is divided by 2674?
2661
What is the remainder when 115015 is divided by 4038?
1951
What is the remainder when 139043 is divided by 17280?
803
What is the remainder when 9054967 is divided by 52?
51
Calculate the remainder when 200119 is divided by 49981.
195
What is the remainder when 150841 is divided by 2446?
1635
Calculate the remainder when 2536501 is divided by 144.
85
What is the remainder when 643672 is divided by 652?
148
What is the remainder when 1411626 is divided by 282321?
21
Calculate the remainder when 96793 is divided by 32163.
304
Calculate the remainde